{"id":39,"date":"2025-11-17T15:14:41","date_gmt":"2025-11-17T14:14:41","guid":{"rendered":"https:\/\/rosebonbon-editions.com\/?page_id=39"},"modified":"2026-01-08T15:52:36","modified_gmt":"2026-01-08T14:52:36","slug":"hello","status":"publish","type":"page","link":"https:\/\/rosebonbon-editions.com\/?page_id=39","title":{"rendered":"Hello"},"content":{"rendered":"\n<p>Bienvenue sur Rose Bonbon. <\/p>\n\n\n\n<p>Ici, on explore le monde de la litt\u00e9rature \u00e9rotique et pornographique. <br>Le porno vid\u00e9o, c&#8217;est SO 2020. Pas ou peu \u00e9thique, imagination z\u00e9ro, une branlette et au lit. On vaut mieux que \u00e7a franchement.<br>Je partage mes lectures, je donne mon avis, je r\u00e9fl\u00e9chis (un peu). Si je r\u00e9ussis \u00e0 vous donner envie d&#8217;en lire, alors j&#8217;ai r\u00e9ussi mon pari.<br>C&#8217;est un sujet intime, et souvent \u00e7a donne lieu \u00e0 une introspection, \u00e0 une mise en perspective sociale, temporelle. C&#8217;est l\u00e0 que \u00e7a m\u2019int\u00e9resse.<br>Je ne m&#8217;interdirai pas de partager de la lecture &#8220;\u00e0 une main&#8221;, mais clairement, ce n&#8217;est pas mon sujet pr\u00e9f\u00e9r\u00e9. <br>Je mets des trigger warnings en d\u00e9but de critique, mais sachez que globalement, ce n&#8217;est pas le monde de Bisounours.<br>Si vous avez envie de partager une lecture dans le m\u00eame esprit de discussion, de d\u00e9bat, n&#8217;h\u00e9sitez pas \u00e0 me contacter \ud83d\ude42<\/p>\n\n\n\n<p>hello@rosebonbon-editions.com<br><\/p>\n\n\n\n<p><\/p>\n","protected":false},"excerpt":{"rendered":"<p>Bienvenue sur Rose Bonbon. Ici, on explore le monde de la litt\u00e9rature \u00e9rotique et pornographique. Le porno vid\u00e9o, c&#8217;est SO 2020. Pas ou peu \u00e9thique, imagination z\u00e9ro, une branlette et au lit. On vaut mieux que \u00e7a franchement.Je partage mes lectures, je donne mon avis, je r\u00e9fl\u00e9chis (un peu). Si je r\u00e9ussis \u00e0 vous donner [&hellip;]<\/p>\n","protected":false},"author":1,"featured_media":0,"parent":0,"menu_order":0,"comment_status":"closed","ping_status":"closed","template":"","meta":{"site-container-style":"default","site-container-layout":"default","site-sidebar-layout":"default","disable-article-header":"default","disable-site-header":"default","disable-site-footer":"default","disable-content-area-spacing":"default","footnotes":""},"class_list":["post-39","page","type-page","status-publish","hentry"],"_links":{"self":[{"href":"https:\/\/rosebonbon-editions.com\/index.php?rest_route=\/wp\/v2\/pages\/39","targetHints":{"allow":["GET"]}}],"collection":[{"href":"https:\/\/rosebonbon-editions.com\/index.php?rest_route=\/wp\/v2\/pages"}],"about":[{"href":"https:\/\/rosebonbon-editions.com\/index.php?rest_route=\/wp\/v2\/types\/page"}],"author":[{"embeddable":true,"href":"https:\/\/rosebonbon-editions.com\/index.php?rest_route=\/wp\/v2\/users\/1"}],"replies":[{"embeddable":true,"href":"https:\/\/rosebonbon-editions.com\/index.php?rest_route=%2Fwp%2Fv2%2Fcomments&post=39"}],"version-history":[{"count":3,"href":"https:\/\/rosebonbon-editions.com\/index.php?rest_route=\/wp\/v2\/pages\/39\/revisions"}],"predecessor-version":[{"id":83,"href":"https:\/\/rosebonbon-editions.com\/index.php?rest_route=\/wp\/v2\/pages\/39\/revisions\/83"}],"wp:attachment":[{"href":"https:\/\/rosebonbon-editions.com\/index.php?rest_route=%2Fwp%2Fv2%2Fmedia&parent=39"}],"curies":[{"name":"wp","href":"https:\/\/api.w.org\/{rel}","templated":true}]}}